{"id":40,"date":"2025-02-20T14:53:02","date_gmt":"2025-02-20T13:53:02","guid":{"rendered":"https:\/\/marineetloisirs.com\/?page_id=40"},"modified":"2025-02-24T12:32:58","modified_gmt":"2025-02-24T11:32:58","slug":"loisirs","status":"publish","type":"page","link":"https:\/\/marineetloisirs.com\/index.php\/loisirs\/","title":{"rendered":"Loisirs"},"content":{"rendered":"\t\t<div data-elementor-type=\"wp-page\" data-elementor-id=\"40\" class=\"elementor elementor-40\" data-elementor-post-type=\"page\">\n\t\t\t\t\t\t<section class=\"elementor-section elementor-top-section elementor-element elementor-element-6188b115 elementor-section-boxed elementor-section-height-default elementor-section-height-default\" data-id=\"6188b115\" data-element_type=\"section\" data-settings=\"{&quot;background_background&quot;:&quot;classic&quot;,&quot;shape_divider_bottom&quot;:&quot;waves&quot;}\">\n\t\t\t\t\t\t\t<div class=\"elementor-background-overlay\"><\/div>\n\t\t\t\t\t\t<div class=\"elementor-shape elementor-shape-bottom\" data-negative=\"false\">\n\t\t\t<svg xmlns=\"http:\/\/www.w3.org\/2000\/svg\" viewBox=\"0 0 1000 100\" preserveAspectRatio=\"none\">\n\t<path class=\"elementor-shape-fill\" d=\"M421.9,6.5c22.6-2.5,51.5,0.4,75.5,5.3c23.6,4.9,70.9,23.5,100.5,35.7c75.8,32.2,133.7,44.5,192.6,49.7\n\tc23.6,2.1,48.7,3.5,103.4-2.5c54.7-6,106.2-25.6,106.2-25.6V0H0v30.3c0,0,72,32.6,158.4,30.5c39.2-0.7,92.8-6.7,134-22.4\n\tc21.2-8.1,52.2-18.2,79.7-24.2C399.3,7.9,411.6,7.5,421.9,6.5z\"\/>\n<\/svg>\t\t<\/div>\n\t\t\t\t\t<div class=\"elementor-container elementor-column-gap-default\">\n\t\t\t\t\t<div class=\"elementor-column elementor-col-100 elementor-top-column elementor-element elementor-element-6a31b4d7\" data-id=\"6a31b4d7\" data-element_type=\"column\">\n\t\t\t<div class=\"elementor-widget-wrap elementor-element-populated\">\n\t\t\t\t\t\t<div class=\"elementor-element elementor-element-555e23da elementor-invisible elementor-widget elementor-widget-heading\" data-id=\"555e23da\" data-element_type=\"widget\" data-settings=\"{&quot;_animation&quot;:&quot;fadeInUp&quot;}\" data-widget_type=\"heading.default\">\n\t\t\t\t<div class=\"elementor-widget-container\">\n\t\t\t\t\t<h1 class=\"elementor-heading-title elementor-size-default\">Loisirs<\/h1>\t\t\t\t<\/div>\n\t\t\t\t<\/div>\n\t\t\t\t<div class=\"elementor-element elementor-element-c012243 elementor-widget elementor-widget-heading\" data-id=\"c012243\" data-element_type=\"widget\" data-widget_type=\"heading.default\">\n\t\t\t\t<div class=\"elementor-widget-container\">\n\t\t\t\t\t<h2 class=\"elementor-heading-title elementor-size-default\">Explorez la Guyane autrement avec nos activit\u00e9s nautiques<\/h2>\t\t\t\t<\/div>\n\t\t\t\t<\/div>\n\t\t\t\t\t<\/div>\n\t\t<\/div>\n\t\t\t\t\t<\/div>\n\t\t<\/section>\n\t\t<div class=\"elementor-element elementor-element-113e0492 e-flex e-con-boxed e-con e-parent\" data-id=\"113e0492\" data-element_type=\"container\">\n\t\t\t\t\t<div class=\"e-con-inner\">\n\t\t\t\t<div class=\"elementor-element elementor-element-734c1337 elementor-invisible elementor-widget elementor-widget-text-editor\" data-id=\"734c1337\" data-element_type=\"widget\" data-settings=\"{&quot;_animation&quot;:&quot;fadeIn&quot;}\" data-widget_type=\"text-editor.default\">\n\t\t\t\t<div class=\"elementor-widget-container\">\n\t\t\t\t\t\t\t\t\t<div class=\"flex max-w-full flex-col flex-grow\"><div class=\"min-h-8 text-message flex w-full flex-col items-end gap-2 whitespace-normal break-words text-start [.text-message+&amp;]:mt-5\" dir=\"auto\" data-message-author-role=\"assistant\" data-message-id=\"8e840ae3-8a49-4151-a05a-5fadc5e9e0ce\" data-message-model-slug=\"gpt-4o\"><div class=\"flex w-full flex-col gap-1 empty:hidden first:pt-[3px]\"><div class=\"markdown prose w-full break-words dark:prose-invert light\"><p data-start=\"69\" data-end=\"269\">Chez <strong data-start=\"74\" data-end=\"94\">Marine &amp; Loisirs<\/strong>, nous vous offrons bien plus que du mat\u00e9riel nautique : nous vous invitons \u00e0 vivre des <strong data-start=\"182\" data-end=\"215\">exp\u00e9riences uniques sur l\u2019eau<\/strong>, \u00e0 la d\u00e9couverte des tr\u00e9sors naturels de la Guyane.<\/p><h4 data-start=\"271\" data-end=\"318\"><strong data-start=\"276\" data-end=\"316\">Excursions en mer et sur les fleuves<\/strong><\/h4><p data-start=\"319\" data-end=\"395\">Avec <strong data-start=\"324\" data-end=\"350\">ML Charters &amp; Services<\/strong>, embarquez pour des sorties inoubliables :<\/p><ul data-start=\"396\" data-end=\"707\"><li data-start=\"396\" data-end=\"489\"><strong data-start=\"398\" data-end=\"416\">L\u2019\u00eelet la M\u00e8re<\/strong> : D\u00e9couvrez cet \u00eelot sauvage et observez ses c\u00e9l\u00e8bres singes sa\u00efmiris.<\/li><li data-start=\"490\" data-end=\"575\"><strong data-start=\"492\" data-end=\"513\">Les \u00eeles du Salut<\/strong> : Plongez dans l\u2019histoire fascinante de ces \u00eeles mythiques.<\/li><li data-start=\"576\" data-end=\"707\"><strong data-start=\"578\" data-end=\"603\">Les fleuves de Guyane<\/strong> : Explorez les rivi\u00e8res et mar\u00e9cages \u00e0 bord de <strong data-start=\"651\" data-end=\"665\">ML Express<\/strong>, notre bateau \u00e0 passagers de 12 places.<\/li><\/ul><h4 data-start=\"709\" data-end=\"747\"><strong data-start=\"714\" data-end=\"745\">P\u00eache sportive en haute mer<\/strong><\/h4><p data-start=\"748\" data-end=\"977\">\u00c0 bord de notre <strong data-start=\"764\" data-end=\"802\">Boston Whaler 330 Outrage \u2013 ML One<\/strong>, vivez une <strong data-start=\"814\" data-end=\"861\">exp\u00e9rience de p\u00eache sportive exceptionnelle<\/strong>. Partez traquer les plus beaux sp\u00e9cimens de la r\u00e9gion : thons, dorades coryph\u00e8nes, espadons et bien plus encore !<\/p><h4 data-start=\"979\" data-end=\"1021\"><strong data-start=\"984\" data-end=\"1019\">Balades et sensations nautiques<\/strong><\/h4><ul data-start=\"1022\" data-end=\"1300\"><li data-start=\"1022\" data-end=\"1103\"><strong data-start=\"1024\" data-end=\"1045\">Sorties en bateau<\/strong> pour explorer la c\u00f4te et les criques cach\u00e9es de Guyane.<\/li><li data-start=\"1104\" data-end=\"1201\"><strong data-start=\"1106\" data-end=\"1152\">Observation de la faune marine et fluviale<\/strong>, entre dauphins, tortues et oiseaux tropicaux.<\/li><li data-start=\"1202\" data-end=\"1300\"><strong data-start=\"1204\" data-end=\"1254\">Initiation et perfectionnement \u00e0 la navigation<\/strong>, encadr\u00e9 par des professionnels passionn\u00e9s.<\/li><\/ul><p data-start=\"1302\" data-end=\"1472\" data-is-last-node=\"\" data-is-only-node=\"\">Que vous soyez en qu\u00eate d\u2019aventure, de d\u00e9tente ou de sensations fortes, <strong data-start=\"1374\" data-end=\"1394\">Marine &amp; Loisirs<\/strong> vous accompagne dans <strong data-start=\"1416\" data-end=\"1457\">vos plus belles exp\u00e9riences nautiques<\/strong> en Guyane.\ud83c\udf0a\u2693<\/p><\/div><\/div><\/div><\/div>\t\t\t\t\t\t\t\t<\/div>\n\t\t\t\t<\/div>\n\t\t\t\t\t<\/div>\n\t\t\t\t<\/div>\n\t\t<div class=\"elementor-element elementor-element-639a491d e-flex e-con-boxed e-con e-parent\" data-id=\"639a491d\" data-element_type=\"container\">\n\t\t\t\t\t<div class=\"e-con-inner\">\n\t\t\t\t<div class=\"elementor-element elementor-element-2c91777e elementor-arrows-position-inside elementor-pagination-position-outside elementor-invisible elementor-widget elementor-widget-image-carousel\" data-id=\"2c91777e\" data-element_type=\"widget\" data-settings=\"{&quot;_animation&quot;:&quot;slideInUp&quot;,&quot;navigation&quot;:&quot;both&quot;,&quot;autoplay&quot;:&quot;yes&quot;,&quot;pause_on_hover&quot;:&quot;yes&quot;,&quot;pause_on_interaction&quot;:&quot;yes&quot;,&quot;autoplay_speed&quot;:5000,&quot;infinite&quot;:&quot;yes&quot;,&quot;speed&quot;:500}\" data-widget_type=\"image-carousel.default\">\n\t\t\t\t<div class=\"elementor-widget-container\">\n\t\t\t\t\t\t\t<div class=\"elementor-image-carousel-wrapper swiper\" role=\"region\" aria-roledescription=\"carousel\" aria-label=\"Carrousel d\u2019images\" dir=\"ltr\">\n\t\t\t<div class=\"elementor-image-carousel swiper-wrapper\" aria-live=\"off\">\n\t\t\t\t\t\t\t\t<div class=\"swiper-slide\" role=\"group\" aria-roledescription=\"slide\" aria-label=\"1 of 3\"><figure class=\"swiper-slide-inner\"><img decoding=\"async\" class=\"swiper-slide-image\" src=\"https:\/\/marineetloisirs.com\/wp-content\/uploads\/2025\/02\/iles-du-salut-guyane-plage.jpg\" alt=\"iles-du-salut-guyane-plage\" \/><\/figure><\/div><div class=\"swiper-slide\" role=\"group\" aria-roledescription=\"slide\" aria-label=\"2 of 3\"><figure class=\"swiper-slide-inner\"><img decoding=\"async\" class=\"swiper-slide-image\" src=\"https:\/\/marineetloisirs.com\/wp-content\/uploads\/2025\/02\/ilet-la-mere-visiter-guyane.jpg\" alt=\"ilet-la-mere-visiter-guyane\" \/><\/figure><\/div><div class=\"swiper-slide\" role=\"group\" aria-roledescription=\"slide\" aria-label=\"3 of 3\"><figure class=\"swiper-slide-inner\"><img decoding=\"async\" class=\"swiper-slide-image\" src=\"https:\/\/marineetloisirs.com\/wp-content\/uploads\/2025\/02\/iles-du-salut-guyane-saint-joseph.jpg\" alt=\"iles-du-salut-guyane-saint-joseph\" \/><\/figure><\/div>\t\t\t<\/div>\n\t\t\t\t\t\t\t\t\t\t\t\t<div class=\"elementor-swiper-button elementor-swiper-button-prev\" role=\"button\" tabindex=\"0\">\n\t\t\t\t\t\t<svg aria-hidden=\"true\" class=\"e-font-icon-svg e-eicon-chevron-left\" viewBox=\"0 0 1000 1000\" xmlns=\"http:\/\/www.w3.org\/2000\/svg\"><path d=\"M646 125C629 125 613 133 604 142L308 442C296 454 292 471 292 487 292 504 296 521 308 533L604 854C617 867 629 875 646 875 663 875 679 871 692 858 704 846 713 829 713 812 713 796 708 779 692 767L438 487 692 225C700 217 708 204 708 187 708 171 704 154 692 142 675 129 663 125 646 125Z\"><\/path><\/svg>\t\t\t\t\t<\/div>\n\t\t\t\t\t<div class=\"elementor-swiper-button elementor-swiper-button-next\" role=\"button\" tabindex=\"0\">\n\t\t\t\t\t\t<svg aria-hidden=\"true\" class=\"e-font-icon-svg e-eicon-chevron-right\" viewBox=\"0 0 1000 1000\" xmlns=\"http:\/\/www.w3.org\/2000\/svg\"><path d=\"M696 533C708 521 713 504 713 487 713 471 708 454 696 446L400 146C388 133 375 125 354 125 338 125 325 129 313 142 300 154 292 171 292 187 292 204 296 221 308 233L563 492 304 771C292 783 288 800 288 817 288 833 296 850 308 863 321 871 338 875 354 875 371 875 388 867 400 854L696 533Z\"><\/path><\/svg>\t\t\t\t\t<\/div>\n\t\t\t\t\n\t\t\t\t\t\t\t\t\t<div class=\"swiper-pagination\"><\/div>\n\t\t\t\t\t\t\t\t\t<\/div>\n\t\t\t\t\t\t<\/div>\n\t\t\t\t<\/div>\n\t\t\t\t<div class=\"elementor-element elementor-element-6300824 elementor-align-left elementor-mobile-align-right elementor-widget elementor-widget-button\" data-id=\"6300824\" data-element_type=\"widget\" data-widget_type=\"button.default\">\n\t\t\t\t<div class=\"elementor-widget-container\">\n\t\t\t\t\t\t\t\t\t<div class=\"elementor-button-wrapper\">\n\t\t\t\t\t<a class=\"elementor-button elementor-button-link elementor-size-sm\" href=\"https:\/\/marineetloisirs.com\/index.php\/contact\">\n\t\t\t\t\t\t<span class=\"elementor-button-content-wrapper\">\n\t\t\t\t\t\t\t\t\t<span class=\"elementor-button-text\">Contactez-nous<\/span>\n\t\t\t\t\t<\/span>\n\t\t\t\t\t<\/a>\n\t\t\t\t<\/div>\n\t\t\t\t\t\t\t\t<\/div>\n\t\t\t\t<\/div>\n\t\t\t\t\t<\/div>\n\t\t\t\t<\/div>\n\t\t\t\t<\/div>\n\t\t","protected":false},"excerpt":{"rendered":"<p>Explorez la Guyane autrement avec nos activit\u00e9s nautiques Chez Marine &amp; Loisirs, nous vous offrons bien plus que du mat\u00e9riel nautique : nous vous invitons \u00e0 vivre des exp\u00e9riences uniques sur l\u2019eau, \u00e0 la d\u00e9couverte des tr\u00e9sors naturels de la Guyane. Excursions en mer et sur les fleuves Avec ML Charters &amp; Services, embarquez pour [&hellip;]<\/p>\n","protected":false},"author":1,"featured_media":0,"parent":0,"menu_order":0,"comment_status":"closed","ping_status":"closed","template":"","meta":{"footnotes":""},"class_list":["post-40","page","type-page","status-publish","hentry"],"_links":{"self":[{"href":"https:\/\/marineetloisirs.com\/index.php\/wp-json\/wp\/v2\/pages\/40","targetHints":{"allow":["GET"]}}],"collection":[{"href":"https:\/\/marineetloisirs.com\/index.php\/wp-json\/wp\/v2\/pages"}],"about":[{"href":"https:\/\/marineetloisirs.com\/index.php\/wp-json\/wp\/v2\/types\/page"}],"author":[{"embeddable":true,"href":"https:\/\/marineetloisirs.com\/index.php\/wp-json\/wp\/v2\/users\/1"}],"replies":[{"embeddable":true,"href":"https:\/\/marineetloisirs.com\/index.php\/wp-json\/wp\/v2\/comments?post=40"}],"version-history":[{"count":12,"href":"https:\/\/marineetloisirs.com\/index.php\/wp-json\/wp\/v2\/pages\/40\/revisions"}],"predecessor-version":[{"id":157,"href":"https:\/\/marineetloisirs.com\/index.php\/wp-json\/wp\/v2\/pages\/40\/revisions\/157"}],"wp:attachment":[{"href":"https:\/\/marineetloisirs.com\/index.php\/wp-json\/wp\/v2\/media?parent=40"}],"curies":[{"name":"wp","href":"https:\/\/api.w.org\/{rel}","templated":true}]}}